?
105
What is the remainder when 506928462 is divided by 329?
327
What is the remainder when 102218438 is divided by 184?
182
Calculate the remainder when 565102 is divided by 819.
811
Calculate the remainder when 12209377 is divided by 2584.
2561
Calculate the remainder when 64952659 is divided by 24.
19
What is the remainder when 9261254 is divided by 37801?
9
Calculate the remainder when 606019 is divided by 27545.
29
Calculate the remainder when 7715331 is divided by 3571.
1971
Calculate the remainder when 3213665 is divided by 10641.
83
What is the remainder when 32947466 is divided by 94?
90
What is the remainder when 1410460 is divided by 545?
0
Calculate the remainder when 517444 is divided by 2116.
1140
Calculate the remainder when 12389135 is divided by 7.
3
Calculate the remainder when 6057 is divided by 2997.
63
Calculate the remainder when 26986376 is divided by 159.
101
Calculate the remainder when 538551503 is divided by 2052.
2051
What is the remainder when 6662113 is divided by 2206?
2199
Calculate the remainder when 2378970 is divided by 677.
669
What is the remainder when 27011852 is divided by 16?
12
What is the remainder when 2381147 is divided by 264565?
62
Calculate the remainder when 3364259 is divided by 436.
83
What is the remainder when 5585844 is divided by 308?
264
Calculate the remainder when 175788 is divided by 87673.
442
What is the remainder when 153835 is divided by 9605?
155
What is the remainder when 19564 is divided by 9225?
1114
What is the remainder when 90434994 is divided by 24?
18
Calculate the remainder when 35645345 is divided by 83.
82
Calculate the remainder when 522536 is divided by 1702.
22
Calculate the remainder when 7397373 is divided by 1021.
228
Calculate the remainder when 1244285528 is divided by 10.
8
Calculate the remainder when 105713857 is divided by 6217.
6206
What is the remainder when 1196928 is divided by 239383?
13
What is the remainder when 2380784 is divided by 34?
2
What is the remainder when 96522 is divided by 15577?
3060
What is the remainder when 8716967 is divided by 280?
7
What is the remainder when 1933767 is divided by 148?
147
Calculate the remainder when 238034 is divided by 235700.
2334
Calculate the remainder when 23982 is divided by 134.
130
What is the remainder when 45812633 is divided by 727?
1
Calculate the remainder when 125455837 is divided by 62478.
13
Calculate the remainder when 750 is divided by 164.
94
What is the remainder when 193397 is divided by 31769?
2783
What is the remainder when 385823 is divided by 2030?
123
What is the remainder when 36503178 is divided by 3729?
3726
Calculate the remainder when 9318890 is divided by 9758.
0
Calculate the remainder when 78642838 is divided by 19660708.
6
What is the remainder when 9253277 is divided by 683?
676
What is the remainder when 31364 is divided by 53?
41
What is the remainder when 23970783 is divided by 20366?
1
Calculate the remainder when 7001 is divided by 837.
305
What is the remainder when 47188541 is divided by 37?
36
What is the remainder when 52226 is divided by 659?
165
Calculate the remainder when 72564760 is divided by 1364.
1324
Calculate the remainder when 20539272 is divided by 277.
276
Calculate the remainder when 1309415 is divided by 100724.
3
What is the remainder when 13335034 is divided by 3898?
3874
Calculate the remainder when 3289175 is divided by 1644568.
39
What is the remainder when 7210593 is divided by 1097?
12
Calculate the remainder when 4464109 is divided by 131.
22
Calculate the remainder when 289529 is divided by 811.
2
Calculate the remainder when 842359 is divided by 4813.
84
Calculate the remainder when 199750856 is divided by 4860.
4856
What is the remainder when 113103225 is divided by 876769?
24
Calculate the remainder when 48205121 is divided by 157.
155
What is the remainder when 4484562 is divided by 71183?
33
What is the remainder when 143222054 is divided by 52?
14
Calculate the remainder when 207181 is divided by 2657.
2592
Calculate the remainder when 7070899 is divided by 8.
3
What is the remainder when 608701 is divided by 304031?
639
Calculate the remainder when 14374 is divided by 194.
18
Calculate the remainder when 47794529 is divided by 461.
354
Calculate the remainder when 465044 is divided by 33213.
62
Calculate the remainder when 119990 is divided by 11999.
0
Calculate the remainder when 1104822 is divided by 740.
2
What is the remainder when 2695469 is divided by 245030?
139
Calculate the remainder when 175785 is divided by 43945.
5
What is the remainder when 9936526 is divided by 1987255?
251
Calculate the remainder when 51674 is divided by 174.
170
What is the remainder when 4306380 is divided by 538297?
4
What is the remainder when 38215400 is divided by 849231?
5
What is the remainder when 273557 is divided by 803?
537
Calculate the remainder when 143074 is divided by 46615.
3229
Calculate the remainder when 1337817 is divided by 445920.
57
What is the remainder when 35178 is divided by 4358?
314
What is the remainder when 1688540 is divided by 422125?
40
What is the remainder when 12301592 is divided by 222?
128
Calculate the remainder when 596316 is divided by 929.
827
What is the remainder when 9550875 is divided by 188?
99
What is the remainder when 1131164 is divided by 582?
338
Calculate the remainder when 44422606 is divided by 7.
4
What is the remainder when 14186540 is divided by 2283?
2261
What is the remainder when 29891002 is divided by 156?
154
What is the remainder when 6804516 is divided by 6804491?
25
What is the remainder when 42630054 is divided by 56?
54
What is the remainder when 37803784 is divided by 4888?
4880
What is the remainder when 26538 is divided by 3773?
127
Calculate the remainder when 143316050 is divided by 55765.
0
What is the remainder when 128592 is divided by 3136?
16
Calculate the remainder when 4913659 is divided by 192.
187
Calculate the remainder when 18756 is divided by 4516.
692
Calculate the remainder when 131288 is divided by 2082.
122
What is the remainder when 5774575 is divided by 444196?
27
Calculate the remainder when 1134396 is divided by 209.
153
Calculate the remainder when 38054 is divided by 4165.
569
What is the remainder when 2657853 is divided by 12?
9
Calculate the remainder when 283405 is divided by 3112.
213
What is the remainder when 1190860 is divided by 204?
112
Calculate the remainder when 97134 is divided by 19395.
159
Calculate the remainder when 118016 is divided by 39076.
788
Calculate the remainder when 920898 is divided by 7551.
7227
What is the remainder when 21394 is divided by 3319?
1480
Calculate the remainder when 66265 is divided by 10705.
2035
Calculate the remainder when 278873601 is divided by 12.
9
What is the remainder when 15089699 is divided by 2099?
2087
What is the remainder when 44587811 is divided by 932?
931
What is the remainder when 12345 is divided by 50?
45
What is the remainder when 845615 is divided by 4085?
20
What is the remainder when 1135607 is divided by 6602?
63
Calculate the remainder when 15091088 is divided by 12.
8
Calculate the remainder when 25189963 is divided by 208.
123
Calculate the remainder when 2901295 is divided by 54741.
22
Calculate the remainder when 880414638 is divided by 67.
66
What is the remainder when 15159299 is divided by 3789821?
15
Calculate the remainder when 534309 is divided by 10413.
3246
What is the remainder when 10590 is divided by 1000?
590
Calculate the remainder when 241098 is divided by 3089.
156
What is the remainder when 357985 is divided by 357918?
67
Calculate the remainder when 624842 is divided by 547.
168
Calculate the remainder when 37516101 is divided by 109.
45
Calculate the remainder when 10789448 is divided by 29.
27
What is the remainder when 62177 is divided by 20602?
371
Calculate the remainder when 2822468 is divided by 57.
56
Calculate the remainder when 1439370 is divided by 501.
498
Calculate the remainder when 2690130 is divided by 67.
13
Calculate the remainder when 1163851 is divided by 2985.
2686
Calculate the remainder when 27711503 is divided by 15917.
6
What is the remainder when 102445 is divided by 305?
270
What is the remainder when 555779 is divided by 236?
235
Calcul